(-4)?
2, 5
Let v = -200 + 112. Let s = -34 - v. Suppose 0 + 3 = z, -2*z = 4*g - s. What are the prime factors of g?
2, 3
Let a(y) = -y + 17. Let d = 4 - 4. List the prime factors of a(d).
17
Let a be ((-30)/9)/((-1)/(-3)). Suppose 0 = 4*j + 617 - 89. List the prime factors of j/(-10) - (-2)/a.
13
What are the prime factors of (-6 - -5)/((-2)/62)?
31
List the prime factors of 6910/40 - (-2)/8.
173
Let n(l) = -l. Let s be n(-5). Let y = s + -2. List the prime factors of 8/y + (-4)/(-12).
3
Let u(o) = 3*o**3 + 1. Let n(x) = 2*x**3 + 1. Let z(s) = 5*n(s) - 3*u(s). List the prime factors of z(2).
2, 5
Let m(j) be the second derivative of j**3/3 - 5*j**2/2 - 2*j. List the prime factors of m(5).
5
Suppose 5*u - 105 = -0*a - 2*a, -42 = -2*u - 4*a. List the prime factors of u.
3, 7
Let w(c) = c**2 + 7*c + 16. Let k be w(-13). Suppose 4*p - 77 = 2*o - o, 5*p - k = 2*o. What are the prime factors of p?
2, 5
Suppose 0 = -3*x - 5*m + 677, -1064 = -4*x - 3*m - 154. List the prime factors of x.
229
Let o(p) = 2 + 2*p + 7*p**2 - 4*p - p - 2*p**2. What are the prime factors of o(2)?
2
Suppose x = -4*m - 14, 5*m = 2*x + 2*m - 5. What are the prime factors of (-354)/(-14) + x/7?
5
Let c(z) = z**3 - z + 5. Suppose 3*k + 12 = -0*k. Let n = 4 + k. What are the prime factors of c(n)?
5
Let s(x) = 26*x**3 + x**2 + x - 1. Let q be s(1). List the prime factors of 1 - (0 - (q - 2)).
2, 13
Let i(n) = -n - n - 5*n + 3 + 1 + n**2. What are the prime factors of i(7)?
2
Suppose -3*g = -2*g + 7. Let u = 4 + g. List the prime factors of (2 - (u - -6)) + 4.
3
Let x(a) = 133*a**2 + 2*a + 4. List the prime factors of x(-1).
3, 5
Let k be -1*(-3 + 2 + 0). Let x(h) = 7*h**3 + 2*h**2 - 2*h + 1. What are the prime factors of x(k)?
2
Let w(q) = 9*q + 9. What are the prime factors of w(6)?
3, 7
Let f(n) = -4 + 2*n**2 + 6*n**2 + n**3 + 6 - n. List the prime factors of f(-8).
2, 5
Suppose 0 = -0*w - w + 4. List the prime factors of w.
2
Let d(w) = w**3 + 5*w**2 + 2*w - 1. Let i = -28 - -48. Suppose 0 = -g + 6*g + i. List the prime factors of d(g).
7
List the prime factors of 1*(37 - -4 - 4).
37
What are the prime factors of (-12)/54 + (-472)/(-18)?
2, 13
List the prime factors of (2 + -11)*220/(-30).
2, 3, 11
Suppose 20 + 11 = j. List the prime factors of j.
31
Suppose 11 - 91 = -5*v. Let w = -27 + v. Let o = 16 + w. List the prime factors of o.
5
Let d(r) = r**3 + 10*r**2 - 13*r + 4. List the prime factors of d(-11).
2, 13
Suppose -2*x + 4 = -3*y - 9, -3*x + 3 = y. Suppose -3*z = x*c - 7, -4*c - 3*z = -2 - 9. What are the prime factors of c?
2
Let m be (-2)/4*(-13 - -5). Suppose -3*a + 4*d = -73, m*a - 7 = -3*d + 57. What are the prime factors of a?
19
Suppose 5*h + 0 - 140 = 0. List the prime factors of h.
2, 7
Suppose -2*p - 6 = -p. Let d be -1*-2*(-3)/p. Let z = 1 + d. List the prime factors of z.
2
Suppose 4*l + 2*i = 218, 0 = -3*l - i - 3*i + 151. List the prime factors of l.
3, 19
Let f = -57 - -36. What are the prime factors of (-8)/(-6)*f/(-2)?
2, 7
What are the prime factors of 1 + 6/2 + 20?
2, 3
Let n be (9/6)/((-3)/(-4)). Let q(a) = -a**2 - 8*a + 5. Let w be q(-6). Let f = w - n. List the prime factors of f.
3, 5
Let i(t) = -t + 21. Let f be i(9). Suppose -v + f = -2. List the prime factors of v.
2, 7
Let p(j) = -30*j. What are the prime factors of p(-1)?
2, 3, 5
Suppose -k - 2*u - 3 = 0, 2*u + 3 = -3*k + 2. Let s = k - -1. Suppose -3*i = 4*j - 4, -3*j = -s*i - 10 + 41. List the prime factors of i.
2
Let h = 4 + -2. Suppose -60 = -5*k + 3*u, k - 4*u + 2 + 3 = 0. List the prime factors of -1*h*(8 - k).
2, 7
Let d(v) = 5*v**2 + 4*v + 3. Suppose 3 = -2*t + t. List the prime factors of d(t).
2, 3
Let z be -70 - (1 + -3 - 0). Let p = -38 - z. What are the prime factors of p?
2, 3, 5
Suppose z - 30 = -4*z. Let y = 24 + z. What are the prime factors of y?
2, 3, 5
Suppose 0 = 4*h - 379 - 233. List the prime factors of h.
3, 17
Let s be (-8)/(-40) - (-38)/10. Suppose o + o + 136 = s*i, 0 = -i + 5*o + 52. What are the prime factors of i?
2
Suppose -3*l + 5*j = -307, 3*j = 3*l - 33 - 282. What are the prime factors of l?
109
Let h(w) = -w**3 + 6*w**2 - w + 8. Let d be h(6). Suppose 0*v - 26 = -d*v. List the prime factors of v.
13
Suppose -10*f + 9*f = -20. What are the prime factors of f?
2, 5
Suppose 4*w = 2*w + 2. Let g(j) = 30*j**3 + 2*j**2 - 2*j + 1. List the prime factors of g(w).
31
Suppose -2*o = -o - 5*p - 17, o = 2*p + 2. Let y = 5 + o. Let v = 6 - y. What are the prime factors of v?
3
Let u(w) = w**2 - w + 3. Let t be u(0). Let i be 4/14 - 95/(-35). Suppose 2*b + 4 = -2*o - i*b, b = -t*o + 20. List the prime factors of o.
2
Let l be (21 + -3)*2/4. Suppose -2*k - 5*w + 1 + l = 0, 4*w - 14 = -2*k. List the prime factors of k.
3, 5
Let k = 7 + 57. What are the prime factors of k?
2
Let i(o) = -o**3 - 6*o**2 - 3*o - 2. Let f be (6/(-6))/(1/6). Let j = 0 + f. List the prime factors of i(j).
2
Let p(n) = -7*n - 4. Let z be p(-2). Suppose 3*k - 5*k + z = 0. List the prime factors of k.
5
Let j(o) = 2*o**2 - 5*o. Let c(s) = -5*s**2 + 10*s. Let l(n) = 3*c(n) + 7*j(n). Let b be l(-5). Suppose 2*k - k - 20 = b. What are the prime factors of k?
2, 5
Suppose 5*g - 343 = -3*y, 4*g + g = -y + 341. List the prime factors of g.
2, 17
Let l = 1 + 2. Suppose -4*k + 3 + 1 = 0. Suppose 4*c + o - 84 = -3*o, -c + k = -l*o. List the prime factors of c.
2
Let v(f) = -f**2 + 4*f + 4. Let s be v(4). Suppose s*a = 6*a - 10. Suppose a*j - 19 = 6. List the prime factors of j.
5
Suppose 2 = -3*t - 4*o - 18, -3*t = 3*o + 21. Let k = 1 - t. Suppose k = -0*y + 3*y. List the prime factors of y.
3
Let m(v) = -v**3 - v**2 + 2*v - 3. Suppose 3*x + 1 = 2*x. Let l = x + -2. What are the prime factors of m(l)?
3
Let t = -15 - -19. List the prime factors of t.
2
Suppose w - 3*w = 2*c - 50, 2*w - 4*c - 62 = 0. What are the prime factors of w?
3
Let f = -5 - -7. Suppose -5*x = -y - 250, 2*x + f*y = 5*x - 150. Suppose -2*c = 2*c - 5*d - 40, d - x = -5*c. List the prime factors of c.
2, 5
Let f = -7 + 29. Suppose 4*z - f = 34. List the prime factors of z.
2, 7
Suppose h + 4*h = 400. Suppose 0 = 3*i - 28 - h. Suppose -3*f - 3*d + i = 0, -2*d - 60 = -3*f - 2*f. What are the prime factors of f?
2, 3
Let d(l) = -2*l - 10. List the prime factors of d(-7).
2
Let l = 13 + -9. Let b = 29 + l. What are the prime factors of b?
3, 11
Suppose 123 = -y + 2*y - 3*k, 0 = -k - 2. List the prime factors of y.
3, 13
Suppose -5*y + y + 200 = 0. What are the prime factors of y?
2, 5
Suppose -y - 2*s = -3*y + 18, 0 = -s + 2. List the prime factors of y.
11
Suppose 23*p = 17*p + 540. What are the prime factors of p?
2, 3, 5
Let w = 159 - 36. List the prime factors of w.
3, 41
Suppose 0 = -4*m + 7 + 1. Let h(q) = 16 + m + q + 0*q. What are the prime factors of h(-8)?
2, 5
Let s be (-79)/11 + 4/22. Let y = -7 - s. Suppose 4*l - 98 + 30 = y. What are the prime factors of l?
17
What are the prime factors of -2 + 3/1 - 2 - -10?
3
Let u be (-2)/5*-5 + -57. Let f = -32 - u. List the prime factors of f.
23
Let l(p) = p**3 + 6*p**2 + 5*p + 5. Let v be l(-5). Suppose -v*c + 4*f = 17 - 95, -2*f = -6. What are the prime factors of c?
2, 3
List the prime factors of ((-24)/(-15))/((-2)/5) + 154.
2, 3, 5
Let c(l) = 2*l**2. Let v be c(7). Suppose -5*j + 152 = -v. Suppose 5*x - j = -0*x. List the prime factors of x.
2, 5
Suppose -4*n - 4 = -5*j + 10, 5*n = 2*j + 8. Suppose 0 = -p + 4*p - j. List the prime factors of p.
2
Let a(n) = -n**2 - 10*n - 4. Let j be a(-8). Suppose 28 - j = 4*r. List the prime factors of 13/3 + r/6.
5
What are the prime factors of ((-2)/2)/(-4 - (-1375)/345)?
3, 23
Suppose 0*v + 21 = 5*k + v, 0 = -5*k - 4*v + 9. Let q(p) = p + 5*p - 2*p - 2. List the prime factors of q(k).
2, 3
Let q = 51 - -6. Suppose -5*h + 68 + q = 0. List the prime factors of h.
5
Let y be (-1)/(1/(-3)) - 1. What are the prime factors of y + -2 - (-1 - 7)?
2
Suppose -4*b + 0*b - 8 = 0, l - 4*b = 83. List the prime factors of l.
3, 5
Suppose -216 - 149 = -5*v. List the prime factors of v.
73
Suppose -1 = 4*y - 2*r - 5, 0 = 5*y - r - 11. Suppose 2*l = -3*i + 8, -y*i - 4*l - 4 = -7*i. List the prime factors of i.
2
Suppose 25 + 23 = 3*p. Suppose -6 + 0 = -2*w - 2*t, 0 = -3*w + 4*t + p. What are the prime factors of w?
2
Let a = 1 + 11. Suppose 0 = -4*k + a - 4. W